- 21)
-3
What is 0 - (12 - -2 - 5 - 4)?
-5
4 + (3 - (4 + -2))
5
Calculate -9 - ((1 - -4) + -5 + -2).
-7
What is -4 - 1 - (-8 + 10)?
-7
What is 9 - 6 - (3 + -3)?
3
What is 0 + -3 + (0 - -7) - -1?
5
What is -3 + ((1 - 1) + 1 - -1)?
-1
Evaluate (2 - 5) + 4 + 3 + -5.
-1
What is 0 - (-8 + 18) - -2?
-8
What is the value of -6 - (-2 + (0 - 3) + 4)?
-5
What is -5 - -1 - (2 - 7)?
1
What is (-3 - -2) + -1 + -1?
-3
2 + -4 + 6 - -1
5
Evaluate 0 + (5 - -3) + -8.
0
What is the value of -3 - -8 - (4 + 0 + -2)?
3
Calculate -2 + (-80 + 79 - (0 - -2)).
-5
What is 2 - -5 - (13 + (-1 - -1))?
-6
9 + (-1 - (4 - 3)) + -3
4
(9 - 1) + -13 + -1
-6
What is the value of 27 - 23 - (0 + 0 + 4)?
0
What is 4 + 2 + 2 + -4 + -10?
-6
Calculate -4 - (13 + -13) - 6.
-10
What is 2 + -3 + -1 + 1?
-1
What is -4 + -1 + (3 - 2)?
-4
What is 3 - (4 + (-14 - -5) - -13)?
-5
What is the value of -12 - (-11 + (-2 - (-12 - -4)))?
-7
What is the value of 0 + -9 + 4 - (-4 - 6)?
5
Evaluate 0 + (13 - (-12 + 24)).
1
What is -6 - (-5 + -7) - 6?
0
What is -5 + 0 + 4 + (1 - 1)?
-1
What is -3 + (2 - (4 + -4 + -1))?
0
What is -19 + 5 - (-2 + -5)?
-7
(1 - -1 - 1) + -333 + 325
-7
5 + -13 + 8 + 8
8
Calculate 0 + (-1 - -2) + 1.
2
8 + 0 + -2 + -1
5
What is -1 + (-1 - -7) + 21 + -23?
3
5 + -5 + 1 + 1 + -7
-5
What is 4 + 0 + (-5 - -2)?
1
1 - 2 - (3 - (13 - 5))
4
What is the value of -6 + 18 - 9 - (1 - 0)?
2
What is the value of -1 + -1 - (29 - 29)?
-2
Evaluate (-10 - 2) + (-40 - -47).
-5
Evaluate 8 + (-1 + -4 - 2).
1
What is the value of -9 - 4 - (-3 - (2 + 0))?
-8
-4 - (-1 - 1 - 2)
0
7 + 4 - 16 - (-2 - -1)
-4
What is -2 + -4 + (-2 - -11)?
3
Evaluate -4 + (1 - -4) + -7.
-6
Calculate -7 + -1 - (-8 + -2).
2
12 + (1 - 2) + (86 - 89)
8
What is the value of 3 - (-2 - (1 - -2 - 5))?
3
What is the value of (-10 - -5) + 8 + -4 + 0?
-1
Calculate 143 + -138 + (-13 - 0).
-8
What is the value of 7 + 3 + -21 + 2?
-9
What is the value of 0 + (0 - 3) - (17 - 17)?
-3
Calculate (-11 - 1) + -136 + 153.
5
Calculate -4 + 4 + 3 - (8 - 4).
-1
What is the value of 0 + (3 - (-3 + 3))?
3
Calculate (1 - -6) + -4 + 1.
4
What is the value of 0 - (4 + (-3 - 2))?
1
Evaluate 8 + 0 + -10 + 7.
5
2 + -4 - (0 - (4 - 4))
-2
Calculate -7 + 0 - -8 - (3 + -3).
1
What is the value of (6 - 11 - -10) + -3?
2
Calculate -3 + (-3 - 2) + (-1 - -5).
-4
What is the value of 0 - (5 - (-4 + 5))?
-4
What is the value of 3 + 2 + 32 + -41?
-4
Evaluate 2 + 0 + 1 + -3.
0
Calculate 13 + (13 - 8 - (-1 - -11)).
8
2 + (1 - 9) + 5
-1
0 + (0 - (4 - 2 - -1))
-3
Evaluate 2 + -4 - (1 + 1 + 1).
-5
What is the value of (-6 - -2) + (4 - (-5 + 6))?
-1
Evaluate 26 + -27 + (-2 - -7) + -2.
2
Calculate -4 - -5 - (-4 - -1).
4
-4 + 2 + -1 + 5 + 4
6
10 + -3 + -5 + -2 + 2
2
Evaluate 11 + 6 + -7 + -9.
1
What is 0 + 3 + 1 - -1?
5
-8 + 5 + (-1 - (0 - 1))
-3
What is 7 + (2 - (7 + 7))?
-5
-6 - ((-5 - 10) + 11)
-2
Calculate 6 + 7 + -18 + (0 - -4).
-1
Calculate -1 - (0 + 1 + 2) - 0.
-4
What is the value of 6 + -14 + 6 + 7?
5
What is -1 + 5 - (18 - 14)?
0
What is 3 + -15 - -7 - -10?
5
Evaluate (-103 - -111) + 1 + -9.
0
13 + -16 + 0 + (-1 - -5)
1
0 + (0 - 5) + (27 - 27)
-5
What is the value of (1 - 2) + -47 + 54?
6
What is the value of (2 - 2 - -10) + -5?
5
What is -3 + (-8 - -17) + -6?
0
Calculate 3 + (5 + 1 - (11 + 0)).
-2
Calculate -5 + 1 - (-14 + 9).
1
Evaluate -10 + 0 - (-53 + 48).
-5
Evaluate (-1 - -2 - 0) + 1 + -3.
-1
What is (3 - 5) + (-4 - (-4 + 3))?
-5
What is the value of -45 + 48 + (-10 - -1)?
-6
What is the value of 2 + (18 - 14 - (1 - -2))?
3
10 + (2 - 4) - 5
3
What is 16 - 3 - (56 + -39)?
-4
What is (1 + 4 - 1) + 0 + -7?
-3
What is -1 - -2 - (2 - (-1 - -5))?
3
Evaluate (-6 - -11) + (6 - 7).
4
What is (10 - 16) + 0 + 9 + 2?
5
What is the value of 1 + -7 - (-10 - -4)?
0
What is the value of 3 + -7 + (4 - 2 - -3)?
1
Evaluate (0 - 14 - -5) + 13.
4
What is the value of -1 + -3 + -5 + 5?
-4
4 + 0 + 1 - (15 + -13)
3
What is 12 - (11 - 6) - (-2 - -8)?
1
Calculate 5 - 9 - (2 + -5).
-1
-5 + (-1 + -4 - -13)
3
Calculate -1 + 2 - (-1 + 2) - -3.
3
What is 10 + -44 + 38 + (0 - -7)?
11
What is the value of 9 + (8 - 2) + -10?
5
Calculate -4 - (0 - 4) - (-1 + 2).
-1
What is the value of 0 - ((2 + -1 - 3) + -1)?
3
Evaluate -1 + 4 + -4 + 11 + -21.
-11
Calculate 10 - (-1 - -3 - -2) - 2.
4
What is the value of 4 + (5 - 2 - 9)?
-2
15 - 7 - 16 - -10
2
Evaluate -16 + 7 + 0 + -5 + 5.
-9
What is the value of 0 + -3 - (2 - (0 - -5))?
0
Calculate 3 + (-2 - 0) + 2.
3
Evaluate (12 - (1 - -11 - 8)) + -9.
-1
What is 4 + -4 + -5 + 6 + -3?
-2
Calculate (50 - 60) + (-1 - -14).
3
What is (1 - 3) + -3 + 12 + -2?
5
0 + (1 - -14) + -7
8
Evaluate (7 - 0) + -9 - (-2 + 0).
0
Calculate (-6 + (8 - 4) - -3) + -3.
-2
Calculate -6 + -3 - -7 - 1.
-3
(-1 - 7) + 14 + -10 - -9
5
What is -1 - 4 - (-5 - -6)?
-6
Calculate 17 + -25 + 0 + 12.
4
What is 140 - 140 - ((1 - -9) + 0)?
-10
-2 - (0 + 0 + -4)
2
What is the value of (-3 - -4) + 5 + -2?
4
-15 - (-16 + 8 + 1 + -2)
-6
What is the value of -6 + (0 - (3 - 12))?
3
Calculate 13 - (-6 - -13) - 7.
-1
Calculate -3 + 3 + -2 - (-7 + 0).
5
What is 5 - (3 - (9 + -5)) - 5?
1
Calculate (-2 - 1 - (-4 + 4)) + 0.
-3
What is the value of ((-6 - -13) + -12 - -9) + -8?
-4
What is the value of -1 + (-4 - (-12 + 4 + 4))?
-1
Calculate 4 - (-1 + 0 + 0).
5
Calculate 12 + (-12 - 16) - -7.
-9
What is -5 + 6 - (-9 - -3)?
7
Calculate (7 - 10) + (1 - -3).
1
Evaluate 0 - (-5 + (-3 - -7)).
1
Calculate (-1 - -4) + (14 - (0 - -15)).
2
Evaluate 3 - (3 + (3 - 9) - -3).
3
Calculate -3 + (7 - 14) - -4.
-6
What is the value of 9 + -15 + 1 + (3 - 2)?
-4
-3 - (3 + -12) - (-7 + 8)
5
What is (-8 - (-1 - 3) - 2) + -1?
-7
What is the value of 3 + 2 + -4 + -4 + -2?
-5
Calculate -1 + -6 - (39 + -39).
-7
What is the value of -1 + -3 + (12 - (-13 - -26))?
-5
-3 + 1 - (-2 - (3 - 1))
2
(8 - -3) + (-8 - -3) + -4
2
Calculate 4 + (-3 - -3 - (3 + 4)).
-3
What is the value of -2 + 10 + (-6 - (-5 - -2))?
5
What is -2 - (-14 + 8 + 7 - 2)?
-1
What is 2 - (4 - -4) - (8 - 14)?
0
Evaluate 7 - (-1 + 5 - 0).
3
Calculate -10 + 5 - (2 - 7 - 0).
0
Evaluate (-57 - -69) + (0 - 8).
4
Evaluate 39 + -45 - (-1 + -6).
1
Calculate 8 - (2 - (4 - 0) - -6).
4
What is the value of (0 - -3) + -4 + 9 + -3?
5
(3 - (0 + 3)) + -2 + 1
-1
Evaluate (18 - 14) + (-3 + 1 - -1).
3
What is 25 - 27 - (-11 - 0 - 0)?
9
-13 + 11 + (0 + 9 - 3)
4
What is (-5 - -1) + 1 + 6?
3
What is the value of -2 - -4 - (-1 - -6 - 0)?
-3
(3 - 7) + (1 - (-3 - 0))
0
Calculate 3 + (0 - (-4 + 12)) - -9.
4
Calculate -4 - 13 - (13 + -22).
-8
-4 - (-6 + -2 + 7 + -4)
1
Evaluate (0 - -2 - (7 + -9)) + -6.
-2
Calculate -1 + -3 + 0 + 2.
-2
(4 + (-5 - 0) - 1) + -1
-3
What is the value of 6 + (-4 + -1 - (0 - 2))?
3
Calculate 10 - (0 + -3 - (-2 + -5)).
6
Calculate 0 - (-10 + 17 - 9).
2
What is the value of -6 - (9 - (7 + 8))?
0
Calculate 1 + 2 + -6 + 8.
5
Evaluate 0 - (4 + 0 + -5 + 1).
0
Calculate 2 + (-2 - 3) + (0 - -3).
0
What is the value of -20 + 15 - (-10 + (-2 - 0))?
7
0 - 4 - (8 + (-1 - 16))
5
What is the value of -6 + (-4 - (-9 + 3))?
-4
Calculate -10 + 26 + (0 - 10).
6
Evaluate 0 - (2 + -2 + 0 + -6).
6
-4 + 0 + 11 + -2 - 5
0
What is the value of 1 - (5 + (5 - 4))?
-5
What is 1 + -7 + 11 + 3 + -3?
5
What is 18 + -5 + -4 + -1?
8
What is -9 - (-4 + -3) - -4?
2
Calculate (2 - -15) + -10 + 3.
10
What is the value of (-17 - -1) + -123 + 134?
-5
Calculate 36 + -37 + (-1 - 6) + 6.
-2
Calculate 6 - (5 + (1 - 4 - 1)).
5
What is 5 + -1 - (-2 - 2 - -8)?
0
Evaluate 1 - 2 - (-49 + 52).
-4
What is the value of -1 - 3 - (0 - (6 - 2))?
0
What is the value of -2 + (0 - -8 - (2 - -1))?
3
1 + (-1 - (1 - 1)) - 2
-2
What is the value of 0 - 4 - (-5 - (-3 + 3))?
1
-10 - -9 - -6 - 2
3
Evaluate 5 + (5 - (14 - 4)).
0
Calculate 5 + -1 + -1 + -3.
0
Calculate 9 - (10 + -4 + 6).
-3
What is the value of -5 + (-10 - (-6 + -6))?
-3
-1 - (-15 + 17) - (3 + -2)
-4
What is the value of 3 - 1 - 7 - -9?
4
8 + -9 + 5 + -1
3
Calculate -13 + 3 + (15 - 7).
-2
Evaluate (-1 + 1 - -4) + (19 - 21).
2
-4 + -3 - -6 - -2
1
What is the value of 0 + (-2 - (3 + -6)) - -3?
4
Calculate -9 + (-4 + 16 - 8).
-5
Evaluate -1 + -6 + 9 - 5.
-3
9 - (-3 + 8) - -1
5
What is the value of -5 + (-3 - -2 - -3) + -1?
-4
Calculate 1 + -3 + (8 - -2 - 6).
2
What is 11 + 1 + -5 + 1 - 3?
5
What is (11 - 4) + -5 - -7?
9
What is the value of 24 + (-3 - 9) + -3?
9
